{"id":131,"date":"2022-09-08T22:15:27","date_gmt":"2022-09-08T20:15:27","guid":{"rendered":"http:\/\/jetoon.cz\/?post_type=product&#038;p=131"},"modified":"2023-05-18T22:08:25","modified_gmt":"2023-05-18T20:08:25","slug":"triko-we-love-fat-lines","status":"publish","type":"product","link":"https:\/\/jetoon.cz\/?product=triko-we-love-fat-lines","title":{"rendered":"Triko WE LOVE FAT LINES"},"content":{"rendered":"<p>TRIKO WE LOVE FAT LINES<\/p>\n<p>Materi\u00e1l: 100% bavlna<\/p>\n<p>Barva: Natural<\/p>\n<p>Tri\u010dek bylo vyrobeno pouze 50ks.<\/p>\n<p>St\u0159ih trika je unisex a velikosti standartn\u00ed. Motivy jsou d\u011blan\u00e9 s\u00edtotiskem, tak\u017ee to bude v poho.<\/p>\n<p>Rozm\u011bry ve fotk\u00e1ch.<\/p>\n","protected":false},"excerpt":{"rendered":"<p>TRIKO WE LOVE FAT LINES Materi\u00e1l: 100% bavlna Barva: Natural Tri\u010dek bylo vyrobeno pouze 50ks. St\u0159ih trika je unisex a velikosti standartn\u00ed. Motivy jsou d\u011blan\u00e9 s\u00edtotiskem, tak\u017ee to bude v poho. Rozm\u011bry ve fotk\u00e1ch.<\/p>\n","protected":false},"featured_media":132,"comment_status":"open","ping_status":"closed","template":"","meta":{"neve_meta_sidebar":"","neve_meta_container":"","neve_meta_enable_content_width":"off","neve_meta_content_width":100,"neve_meta_title_alignment":"","neve_meta_author_avatar":"","neve_post_elements_order":"","neve_meta_disable_header":"","neve_meta_disable_footer":"","neve_meta_disable_title":""},"product_cat":[22],"product_tag":[],"_links":{"self":[{"href":"https:\/\/jetoon.cz\/index.php?rest_route=\/wp\/v2\/product\/131"}],"collection":[{"href":"https:\/\/jetoon.cz\/index.php?rest_route=\/wp\/v2\/product"}],"about":[{"href":"https:\/\/jetoon.cz\/index.php?rest_route=\/wp\/v2\/types\/product"}],"replies":[{"embeddable":true,"href":"https:\/\/jetoon.cz\/index.php?rest_route=%2Fwp%2Fv2%2Fcomments&post=131"}],"wp:featuredmedia":[{"embeddable":true,"href":"https:\/\/jetoon.cz\/index.php?rest_route=\/wp\/v2\/media\/132"}],"wp:attachment":[{"href":"https:\/\/jetoon.cz\/index.php?rest_route=%2Fwp%2Fv2%2Fmedia&parent=131"}],"wp:term":[{"taxonomy":"product_cat","embeddable":true,"href":"https:\/\/jetoon.cz\/index.php?rest_route=%2Fwp%2Fv2%2Fproduct_cat&post=131"},{"taxonomy":"product_tag","embeddable":true,"href":"https:\/\/jetoon.cz\/index.php?rest_route=%2Fwp%2Fv2%2Fproduct_tag&post=131"}],"curies":[{"name":"wp","href":"https:\/\/api.w.org\/{rel}","templated":true}]}}