{"id":141,"date":"2022-09-08T22:25:37","date_gmt":"2022-09-08T20:25:37","guid":{"rendered":"http:\/\/jetoon.cz\/?post_type=product&#038;p=141"},"modified":"2023-01-10T19:04:29","modified_gmt":"2023-01-10T18:04:29","slug":"ponozky-jetoon-bk","status":"publish","type":"product","link":"https:\/\/jetoon.cz\/?product=ponozky-jetoon-bk","title":{"rendered":"Pono\u017eky JETOON BK"},"content":{"rendered":"<p>Vysok\u00e9 pono\u017eky JETOON<\/p>\n<p>Materi\u00e1l: 85% bavlna, 10% polyamid, 5% elastan<\/p>\n<p>Velikosti univerz\u00e1ln\u00ed (2 velikosti)<\/p>\n","protected":false},"excerpt":{"rendered":"<p>Vysok\u00e9 pono\u017eky JETOON Materi\u00e1l: 85% bavlna, 10% polyamid, 5% elastan Velikosti univerz\u00e1ln\u00ed (2 velikosti)<\/p>\n","protected":false},"featured_media":144,"comment_status":"open","ping_status":"closed","template":"","meta":{"neve_meta_sidebar":"","neve_meta_container":"","neve_meta_enable_content_width":"off","neve_meta_content_width":100,"neve_meta_title_alignment":"","neve_meta_author_avatar":"","neve_post_elements_order":"","neve_meta_disable_header":"","neve_meta_disable_footer":"","neve_meta_disable_title":""},"product_cat":[22],"product_tag":[],"_links":{"self":[{"href":"https:\/\/jetoon.cz\/index.php?rest_route=\/wp\/v2\/product\/141"}],"collection":[{"href":"https:\/\/jetoon.cz\/index.php?rest_route=\/wp\/v2\/product"}],"about":[{"href":"https:\/\/jetoon.cz\/index.php?rest_route=\/wp\/v2\/types\/product"}],"replies":[{"embeddable":true,"href":"https:\/\/jetoon.cz\/index.php?rest_route=%2Fwp%2Fv2%2Fcomments&post=141"}],"wp:featuredmedia":[{"embeddable":true,"href":"https:\/\/jetoon.cz\/index.php?rest_route=\/wp\/v2\/media\/144"}],"wp:attachment":[{"href":"https:\/\/jetoon.cz\/index.php?rest_route=%2Fwp%2Fv2%2Fmedia&parent=141"}],"wp:term":[{"taxonomy":"product_cat","embeddable":true,"href":"https:\/\/jetoon.cz\/index.php?rest_route=%2Fwp%2Fv2%2Fproduct_cat&post=141"},{"taxonomy":"product_tag","embeddable":true,"href":"https:\/\/jetoon.cz\/index.php?rest_route=%2Fwp%2Fv2%2Fproduct_tag&post=141"}],"curies":[{"name":"wp","href":"https:\/\/api.w.org\/{rel}","templated":true}]}}